{"id":265823,"date":"2026-03-26T15:32:32","date_gmt":"2026-03-26T14:32:32","guid":{"rendered":"https:\/\/www.maenner.ch\/?post_type=veranstaltungen&#038;p=265823"},"modified":"2026-03-27T00:01:24","modified_gmt":"2026-03-26T23:01:24","slug":"manosphere-conference","status":"publish","type":"veranstaltungen","link":"https:\/\/www.maenner.ch\/fr\/veranstaltungen\/manosphere-conference\/","title":{"rendered":"\u00abAttention \u00e0 la manosph\u00e8re!\u00bb Conf\u00e9rence nationale destin\u00e9e aux sp\u00e9cialistes et au r\u00e9seautage"},"parent":0,"template":"","veranstaltungskategorien":[170,169],"class_list":["post-265823","veranstaltungen","type-veranstaltungen","status-publish","hentry","veranstaltungskategorien-manosphere","veranstaltungskategorien-radical"],"_links":{"self":[{"href":"https:\/\/www.maenner.ch\/fr\/wp-json\/wp\/v2\/veranstaltungen\/265823","targetHints":{"allow":["GET"]}}],"collection":[{"href":"https:\/\/www.maenner.ch\/fr\/wp-json\/wp\/v2\/veranstaltungen"}],"about":[{"href":"https:\/\/www.maenner.ch\/fr\/wp-json\/wp\/v2\/types\/veranstaltungen"}],"wp:attachment":[{"href":"https:\/\/www.maenner.ch\/fr\/wp-json\/wp\/v2\/media?parent=265823"}],"wp:term":[{"taxonomy":"veranstaltungskategorien","embeddable":true,"href":"https:\/\/www.maenner.ch\/fr\/wp-json\/wp\/v2\/veranstaltungskategorien?post=265823"}],"curies":[{"name":"wp","href":"https:\/\/api.w.org\/{rel}","templated":true}]}}

«Attention à la manosphère!» Conférence nationale destinée aux spécialistes et au réseautage
